n base 13, what is 1 - 179?
-178
In base 15, what is 46 - -6?
4c
In base 6, what is -3011 - -52?
-2515
In base 13, what is 7 - -1?
8
In base 12, what is 17b - -4?
183
In base 2, what is 100101011010100 - 100?
100101011010000
In base 7, what is 2 + 343?
345
In base 4, what is -2323 - 1?
-2330
In base 9, what is 3534 - 3?
3531
In base 6, what is -412 + -1?
-413
In base 16, what is 2 + -1?
1
In base 15, what is 8 + 17c?
185
In base 13, what is 496 - -1?
497
In base 8, what is 35 - -27?
64
In base 15, what is 4b - 34?
17
In base 12, what is 0 - -1279?
1279
In base 7, what is -145 + -16?
-164
In base 13, what is 26 - 7a?
-54
In base 16, what is -197 - -1?
-196
In base 8, what is -5 - -557?
552
In base 4, what is 11 - 1123?
-1112
In base 15, what is 0 + bb?
bb
In base 4, what is 2003 - -11?
2020
In base 3, what is 1 + 211110?
211111
In base 15, what is -b + d98?
d8c
In base 7, what is -13 + -166?
-212
In base 6, what is 11450 - 5?
11441
In base 12, what is -150b - 1?
-1510
In base 12, what is -3 - -37?
34
In base 14, what is -ca - -4?
-c6
In base 5, what is 22 + -114?
-42
In base 16, what is -d + -a?
-17
In base 14, what is 5d3 - 4?
5cd
In base 8, what is 7130 - -4?
7134
In base 4, what is 110331 + -13?
110312
In base 4, what is 10 + -1010?
-1000
In base 11, what is -17 + -60?
-77
In base 16, what is 4 - 140?
-13c
In base 7, what is 33 - 6?
24
In base 15, what is 55 - -1?
56
In base 10, what is 4 + -175?
-171
In base 5, what is 2 + 1222?
1224
In base 12, what is -11 - 28a?
-29b
In base 15, what is 3 + 1a?
1d
In base 2, what is -10 + 1100101?
1100011
In base 5, what is 14 - -233?
302
In base 15, what is 3 + -25?
-22
In base 13, what is -1 - 72?
-73
In base 8, what is 5 - -44?
51
In base 12, what is -5 - -103b?
1036
In base 11, what is 1 - -85?
86
In base 11, what is -4 + -123a?
-1243
In base 2, what is -10000011111 + 100?
-10000011011
In base 16, what is 4 - 1c7?
-1c3
In base 10, what is -6 + -91?
-97
In base 13, what is -1 + -15?
-16
In base 14, what is -b765 + 3?
-b762
In base 15, what is 436 - 3?
433
In base 11, what is -54a + -4?
-553
In base 5, what is 0 + 142?
142
In base 10, what is 141 - -64?
205
In base 12, what is 0 + -14?
-14
In base 9, what is 268 - 53?
215
In base 13, what is b253 - -5?
b258
In base 10, what is 172 - -2?
174
In base 14, what is 3 + -111c?
-1119
In base 9, what is -3410 - 5?
-3415
In base 13, what is -3302 + 2?
-3300
In base 3, what is 1022 + 110?
1202
In base 7, what is -2634 - -5?
-2626
In base 7, what is -4 - 2221?
-2225
In base 14, what is 7c + 13d?
1bb
In base 7, what is 1046 + -1?
1045
In base 2, what is 111000010000111 - -100?
111000010001011
In base 13, what is 1 - -11a?
11b
In base 14, what is -2 - -76?
74
In base 10, what is -62 - -3?
-59
In base 5, what is -1302 - -4?
-1243
In base 15, what is -4 + -b?
-10
In base 2, what is 11000010 + -1011?
10110111
In base 14, what is 8 + -96?
-8c
In base 7, what is -5 - -10611?
10603
In base 14, what is 5 + 330?
335
In base 9, what is -2042 - -4?
-2037
In base 13, what is -4c + 38?
-14
In base 3, what is -1 - 1020100?
-1020101
In base 11, what is -3 - 5a0?
-5a3
In base 14, what is -1 - 52?
-53
In base 2, what is 10 + 111101?
111111
In base 4, what is -1132 - 2?
-1200
In base 6, what is -43 - -13?
-30
In base 7, what is -2 - 425?
-430
In base 13, what is -92 - -3?
-8c
In base 14, what is -16c + 5?
-167
In base 7, what is -5 + -12355?
-12363
In base 7, what is 452 + -13?
436
In base 3, what is -121 - -21?
-100
In base 14, what is 2 - -a?
c
In base 9, what is -13 + 18?
5
In base 9, what is 5 - 107?
-102
In base 8, what is 3 + -154?
-151
In base 16, what is -4 - -e?
a
In base 8, what is -1754 + -11?
-1765
In base 7, what is 2 + 2?
4
In base 11, what is 66 - -45?
100
In base 2, what is 110111000001 - 1?
110111000000
In base 11, what is -2 + 116?
114
In base 11, what is -15 - -2a8?
293
In base 15, what is -4c + -42?
-8e
In base 8, what is 1 + 7356?
7357
In base 2, what is -1000 - -110010010?
110001010
In base 2, what is -101 + -1011011101?
-1011100010
In base 14, what is -1 - -da?
d9
In base 9, what is -5 - -6?
1
In base 11, what is -7 - 41?
-48
In base 14, what is 50 + 5?
55
In base 4, what is -3 + -21203?
-21212
In base 14, what is -196 + -7?
-19d
In base 16, what is -22 - b?
-2d
In base 11, what is -8a + -9?
-98
In base 7, what is -20655 - -2?
-20653
In base 13, what is 1682 - 5?
167a
In base 13, what is 4 + 345?
349
In base 13, what is 5 - 28?
-23
In base 11, what is 192 - -2?
194
In base 3, what is 121102 + -11?
121021
In base 14, what is -3d - -2d?
-10
In base 13, what is -456 - -4?
-452
In base 8, what is 4526 - 2?
4524
In base 3, what is -222 + -12002?
-20001
In base 6, what is -13341 - 3?
-13344
In base 8, what is -2 + -201?
-203
In base 4, what is 11 - 130?
-113
In base 4, what is 313 + 2?
321
In base 10, what is 4767 + 3?
4770
In base 13, what is -3ba - -5?
-3b5
In base 6, what is 1 - -13540?
13541
In base 5, what is 23 + -24?
-1
In base 8, what is -5 - 174?
-201
In base 10, what is -44 - -8?
-36
In base 16, what is -d1 - -4?
-cd
In base 5, what is 10 - 310?
-300
In base 3, what is -2022 - -12210?
10111
In base 13, what is 123 + 6?
129
In base 3, what is 2020 + -221?
1022
In base 10, what is 18 - -24?
42
In base 9, what is 3 - -3237?
3241
In base 8, what is 341 - 67?
252
In base 7, what is -2 - -50?
45
In base 12, what is -6 - -a4?
9a
In base 14, what is -36 + -7?
-3d
In base 11, what is 227 + -3?
224
In base 13, what is 7 + -219?
-212
In base 5, what is 20 + 1?
21
In base 13, what is -1 + -31?
-32
In base 15, what is 53 - -4?
57
In base 16, what is 2 + -59?
-57
In base 2, what is -101 + -1000001111?
-1000010100
In base 9, what is 5 + -34?
-28
In base 3, what is -202 - -2012?
1110
In base 5, what is 30 - -10?
40
In base 13, what is 302 - -12?
314
In base 10, what is -411 - -3?
-408
In base 2, what is 1110 - 111?
111
In base 15, what is -37d + -1?
-37e
In base 16, what is -4 + 7?
3
In base 4, what is 2203 - 1?
2202
In base 13, what is -3a - 10?
-4a
In base 7, what is 4 - -140?
144
In base 11, what is -2 + -85?
-87
In base 6, what is 33 - -15?
52
In base 8, what is -5 - 1706?
-1713
In base 3, what is 11002 - 12?
10220
In base 15, what is 3 + -a6?
-a3
In base 8, what is 764 + -44?
720
In base 4, what is -10 + 32133?
32123
In base 9, what is 254 + 0?
254
In base 6, what is 1022 + 4?
1030
In base 3, what is -1101 - 1011?
-2112
In base 7, what is -3 - 35?
-41
In base 7, what is 5614 - 3?
5611
In base 2, what is 11011101 + -10?
11011011
In base 12, what is -1b65 - -11?
-1b54
In base 7, what is 34 + -5?
26
In base 7, what is -54 + 101?
14
In base 3, what is 12 + 10010?
10022
In base 10, what is 0 - -25?
25
In base 4, what is -313 + 10212?
3233
In base 4, what is 10 - -102310?
102320
In base 11, what is 24 + a?
33
In base 11, what is a + -29?
-1a
In base 12, what is -14 + -9?
-21
In base 10, what is -7 - -1?
-6
In base 6, what is 4 - 1412?
-1404
In base 11, what is -4 - -107a?
1076
In base 2, what is -1100 + 110100?
101000
In base 16, what is 30 + 6?
36
In base 10, what is -158 - 3?
-161
In base 5, what is -14 - 234?
-303
In base 16, what is 15 - 42?
-2d
In base 6, what is 10 + 30532?
30542
In base 10, what is 99 - -67?
166
In base 5, what is 1 - 1102?
-1101
In base 4, what is 2033 + -12?
2021
In base 5, what is 3 - -242?
300
In base 2, what is 111101111 - 0?
111101111
In base 10, what is 11 + 154?
165
In base 11, what is -4713 + 0?
-4713
In base 15, what is 44b + 9?
455
In base 2, what is 1 + -111011001?
-111011000
In base 5, what is -444 + 20?
-424
In base 11, what is 411 - 2?
40a
In base 13, what is 55b - a?
551
In base 15, what is -127 + 4?
-123
In base 5, what is -204223 + -4?
-204232
In base 10, what is -4 + -1?
-5
In base 14, what is -3 - 14?
-17
In base 3, what is -11202122 - -1?
-11202121
In base 10, what is 831 + 3?
834
In base 13, what is -2 - -16b?
169
In base 3, what is -2 - 1001221?
-1002000
In base 16, what is 4 + 1a?
1e
In base 4, what is 1311203 + -10?
1311133
In base 5, what is -1442 - 1?
-1443
In base 7, what is 104 + 6?
113
In base 8, what is 11 + 516?
527
In base 2, what is 1100 - 100?
1000
In base 12, what is -5 + -17a?
-183
In base 15, what is -177 + -4?
-17b
In base 10, what is 0 - -37?
37
In base 10, what is 302 - 2?
300
In base 6, what is 45 - -10